2*n. Let d(g) be the third derivative of h(g). Give d(-3).
-1
Let r(i) = i**2 - 13*i - 1. Let f(q) = 2*q**2 - 25*q - 2. Let b(m) = 4*f(m) - 7*r(m). Calculate b(5).
-21
Let c(u) be the third derivative of u**6/10 + u**4/24 + 28*u**2. Determine c(1).
13
Let p be 0 + 4/(-2) + 7 + 1. Let j(w) = -w**3 + 7*w**2 - 7*w + 8. What is j(p)?
2
Let w(s) = -s**2 - 4*s + 2. Let d be w(-4). Let b(a) = -1 - 3*a - 3*a**d + 4*a**2 + 6. Give b(4).
9
Let f(h) = -h**3 - 9*h**2 - 2*h - 11. Let o(z) = -3*z + 12. Let d be o(7). What is f(d)?
7
Let y(z) = z**2 - 4. Suppose 6*j - 12 = 2*j. Let x be y(j). Let d(q) be the third derivative of -q**6/120 + q**5/10 - 5*q**4/24 - q**3 - q**2. Calculate d(x).
-6
Let m(b) = -b - 1. Let x(r) = -3*r - 4. Let h be x(-5). Let d = 12 + -12. Suppose 4*q + 1 + h = d. What is m(q)?
2
Let w be -2 - (-2 - 0/(-3)). Let t = w - 3. Let s(h) = -2*h**2 - 3*h. Determine s(t).
-9
Let d(y) = y + 2. Let j(m) = -m - 3. Let r(o) = -5*d(o) - 4*j(o). Let p = 24 - 11. Let c = p + -8. Give r(c).
-3
Suppose -3*i - 10 - 5 = 0. Let v(j) = 6*j + 6 - 5*j + 1 - 3. Calculate v(i).
-1
Let c(f) = -f - 5. Let y be c(-5). Let b(i) = i + 5. Let o be b(y). Let w(l) be the third derivative of -l**4/24 + l**3/6 + 2*l**2. Calculate w(o).
-4
Let d(y) = -y**3 - 2. Let l(x) = -x**2 + 3*x + 2. Let k be l(3). Let r(v) = v**2 + 2*v + 2. Let w be r(-2). Suppose w = -k*g - 2. Determine d(g).
6
Let j(w) = 10*w**3 - w. Let u be 3 + (-36)/(-4) - -1. Let g = u + -12. Determine j(g).
9
Let i(q) be the second derivative of q**4/12 - q**3/3 - 3*q**2/2 + 2*q + 193. Suppose -3*z + z + 6 = -4*g, 5*g + 3*z = -13. Give i(g).
5
Let n(i) = -i**3 - 4*i**2 + 3. Suppose 2*s = 6*s + 16. Let t be ((-6)/s + 0)*-2. Let h = -7 - t. Give n(h).
3
Let r(n) = -2*n**2 - 13*n + 7. Let t(a) = a**2 + 6*a - 3. Let f(h) = 2*r(h) + 5*t(h). What is f(-4)?
-1
Suppose 2*k + 0 = -3*v + 2, -2*k + 2*v + 12 = 0. Let l be 10/(-6) - k/(-6). Let w(p) = -5*p**2 - 2*p + 2*p. Determine w(l).
-5
Let a = 6 - 3. Suppose -a*j - 2*x = -7 + 4, 0 = 2*j - x - 9. Let w(q) = -q + 3. Determine w(j).
0
Suppose 0 = 3*f + 41 - 26. Let h(w) = -w - 11. Determine h(f).
-6
Suppose 0 = 2*p + o + 3, -4*p - 7 = -2*p + 5*o. Let j(i) be the third derivative of -i**6/20 + i**5/30 - i**3/6 - 3*i**2. Give j(p).
7
Let z(o) = 0*o + 0*o**2 - o**3 + 9*o - 2*o**2 - 6*o**3. Let h(u) = -13*u**3 - 4*u**2 + 17*u. Let y(d) = -6*h(d) + 11*z(d). Determine y(2).
10
Let f be (-2)/3 - (-144)/(-27). Let s(w) = w**2 + 7*w + 8. What is s(f)?
2
Let d(x) = 0 - 2*x - 2 - 5 + 0*x. Determine d(-6).
5
Let w(y) = -4*y - y**3 - 4*y**2 + 8 + 3 - 2*y. Let t(j) = -j**3 - 2*j**2 - 3*j + 6. Let s(o) = -5*t(o) + 3*w(o). Give s(2).
5
Let p(d) be the second derivative of -d**3/6 - d**2/2 + 8*d. What is p(5)?
-6
Let t(s) = -2*s + 4. Let c = 15 - 7. Let a = -3 + c. Give t(a).
-6
Let b(g) = -g + 0*g - 15*g**2 + 1 + 3*g - 2. What is b(1)?
-14
Let q(f) = -f**2 - 2*f. Let d be q(-2). Suppose 0 = 2*y - d*y + 4*b, 0 = 5*b. Let i(j) = j**2 + 3. What is i(y)?
3
Suppose -5 = -p - 5*o, 4*o + 4 = 4*p + 32. Let s(d) = 21*d. Let j(z) = 6*z. Let w(a) = p*s(a) + 18*j(a). Calculate w(2).
6
Let y(r) be the third derivative of r**6/360 + r**5/30 + r**4/8 + 5*r**3/3 - 4*r**2. Let p(m) be the first derivative of y(m). Determine p(-4).
3
Let s be (-3)/(-5) - 54/(-10). Let h(p) = p**2 - 5*p - 1. Give h(s).
5
Let v(s) = -s**3 + 7*s**2 - 3*s - 7. Let w(h) = -5*h**3 + 35*h**2 - 14*h - 35. Let j(g) = -11*v(g) + 2*w(g). Determine j(6).
1
Suppose j - 4*j = -4*c + 5, 0 = 3*j + c - 5. Let d(v) = -4*v**3 - 2*v + 1. What is d(j)?
-5
Suppose 0*t = -4*t. Let i(w) = 0 - 4*w + 2*w + 1 + t*w. What is i(2)?
-3
Suppose a = 2*p - 0*a + 14, -19 = 3*p - a. Let n = -1 + 1. Let w = p - n. Let t(f) = -f**2 - 7*f - 3. Calculate t(w).
7
Let r be (2/(-5))/(2/(-20)). Suppose -x - 3*x - 12 = 0. Let i be 3/(1/(r/x)). Let p(a) = -a**3 - 3*a**2 + 5*a + 1. Give p(i).
-3
Let t(u) = 12*u - 15*u + 0 + 5 - 2. Give t(4).
-9
Let q(g) = 2*g**2 - 4*g**2 + 3*g**2 + g**3 + 2 - g. What is q(-3)?
-13
Let v(j) be the first derivative of j**6/120 + j**5/30 - j**4/24 - j**3/6 + j**2 - 5. Let z(t) be the second derivative of v(t). Calculate z(-3).
-7
Let v(u) = -u + 5. Let r be v(0). Let o(j) = 3*j - 10. Let x(n) = 7*n - 20. Let t(b) = 5*o(b) - 2*x(b). What is t(r)?
-5
Let o(h) = h + 3. Let a be o(3). Let j(x) = -x**3 + 5*x**2 + 6*x. Calculate j(a).
0
Let f(s) = -6*s**2. Suppose 3*z = 4 - 1, 0 = -5*d - 2*z - 18. Suppose 4*m + 12 = -2*x, 3*m + 2*x = 2*m - 3. Let h = m - d. Determine f(h).
-6
Let f(n) be the first derivative of -7*n + 2 + 7/2*n**2 - 1/3*n**3. Let k be (-172)/(-36) - 2/(-9). Determine f(k).
3
Suppose 3*h + x = -h + 24, 4*x - 6 = -h. Let s(a) = a**2 - 6*a + 9. Calculate s(h).
9
Let n(y) be the third derivative of -4*y**2 - 5/6*y**3 + 1/24*y**4 + 0*y + 0. Give n(5).
0
Let b(u) = -u**2 + 8*u + 6. Let t(h) = -7*h + 1. Let q be t(-1). What is b(q)?
6
Let d(t) = -t - 4. Let b be (-7 + 5)/((-2)/(-13)). Let m = b + 7. Let z be d(m). Let v(i) = 2*i**2 - 3*i. Calculate v(z).
2
Let p be 2/12 - (-101)/6. Let v(w) = 14*w**2 - 3*w + 29. Let g(o) = -5*o**2 + o - 10. Let t(k) = p*g(k) + 6*v(k). Determine t(3).
-8
Suppose -a + 3 = -3*c - 6, -25 = 3*a + 4*c. Let v(o) be the second derivative of o**4/12 + o**3/6 - o**2/2 + 4*o. Calculate v(a).
5
Let p(v) be the second derivative of 0 - 3/2*v**3 + v - 3*v**2 + 1/4*v**4. Let i(u) = -2*u**2 + 6*u + 4. Let x(m) = 8*i(m) + 5*p(m). Give x(3).
2
Let d(f) = -9*f. Let m be d(-4). Suppose -4*c - m = -5*t, t + 0 = 5*c + 24. Let n(v) = -v - 1. What is n(c)?
3
Let w(v) = -v**3 + 5*v**2 - 5*v + 1. Suppose 2*h + 4*u = 18, 3*h - 2*u = 2*h + 29. Let y = h + 0. Suppose y = 4*z + 3. Give w(z).
-3
Suppose 5*c + 13 = -7. Let t(m) be the third derivative of 0*m + 0 - 1/24*m**4 - 7*m**2 - 3/2*m**3. Determine t(c).
-5
Let b(m) be the third derivative of m**8/6720 - m**7/2520 + m**6/720 + m**5/40 - m**4/6 - 3*m**2. Let o(y) be the second derivative of b(y). Give o(0).
3
Let m(j) = j**2 - 3*j + 4. Suppose -37*s = -36*s - 3. What is m(s)?
4
Let u(z) = z**3 + 4*z**2 - 5*z + 1. Suppose 1 = 5*q - 3*y - 0, 17 = 4*q + 3*y. Suppose -3*x - q - 13 = 0. Calculate u(x).
1
Let k(o) = o**3 - 5*o**2 + o + 5. Let y = 26 + -15. Suppose -2*w - 7 = y. Let r = -5 - w. What is k(r)?
-7
Let w(m) = 6 + 4*m + 5 + m**2 + 1 - 8. Give w(-4).
4
Let l(u) = u**2 - 6*u + 6. Suppose 3*x + 0*x = 0. Let p be 6 - x/(-2 - -3). What is l(p)?
6
Let o(y) = -1156 - 11*y + 1159 + 2*y. Calculate o(2).
-15
Let r(v) be the third derivative of 5*v**2 + 0 + 1/3*v**3 + 1/6*v**4 + 0*v + 1/60*v**5. Determine r(-5).
7
Suppose n = 5 - 9. Let q be 2/(-9) - n/18. Let y(w) = w**3 + w. Let z(s) = 2*s**3 + s**2 + 2*s - 5. Let v(a) = 3*y(a) - z(a). Calculate v(q).
5
Let d(n) = 3*n**3 + 5*n**2 + n - 8. Let p(k) = -4*k**3 - 4*k**2 - 2*k + 9. Let m(g) = -3*d(g) - 2*p(g). Calculate m(-7).
-1
Let o(a) = a**2 - a - 4. Let j be (-4)/24 - (-82)/(-12). Let k = -3 - j. Give o(k).
8
Let g(h) be the first derivative of 15*h**2/2 + 19. Determine g(1).
15
Let p be (-26)/8 - (7 + 58/(-8)). Let c(t) = -t**2 - 4*t - 3. Give c(p).
0
Let p(k) = -2*k**3 - 10*k**2 - 17*k - 6. Let g(r) = -r**3 - 5*r**2 - 9*r - 3. Let y(a) = 11*g(a) - 6*p(a). Determine y(-3).
12
Let l(w) = -w - 1. Suppose p - 17 = -v + 6*p, -3*v = -3*p - 3. Let m be (v/(-2))/((-2)/12). Let o be ((-6)/m)/((-1)/(-3)). Determine l(o).
-3
Let a(x) = -14*x**3 + x. Suppose -2*o = 3*o - f + 6, 3*o - 2*f + 5 = 0. Give a(o).
13
Let m(n) = n**2 - 6*n - 11. Let b be m(8). Let w(c) = 4*c**2 - 3*c - b*c**2 + 5 + 1. Let r(i) = i + 1. Let z be r(-6). What is w(z)?
-4
Let k(p) = -3*p + 3. Let m be (-3)/(-3 - 0)*0. Let d(z) = z**3 - z**2 - z + 3. Let t be d(m). What is k(t)?
-6
Let i = 113 + -47. Let j be i/14 - (-4)/14. Suppose -11 = j*b + 14. Let u(a) = -a**2 - 5*a - 6. Give u(b).
-6
Let b be (14/(-4) - -3)*-2. Let v = b + 4. Let q(n) = n**3 - 4*n**2 - 5*n. Calculate q(v).
0
Let f = 8 + -11. Let z(q) = -q + 2*q + 6 - 2. Determine z(f).
1
Let w(q) = -q**3 + 7*q**2 - 2*q + 5. Let c be w(7). Let d = 6 + -1. Let i = d + c. Let o(z) = z**3 + 4*z**2. Give o(i).
0
Let w be ((-5)/(-2))/((-1)/2). Let h(s) be the second derivative of -s**4/12 - 7*s**3/6 - s**2 - 7*s. Give h(w).
8
Let o(t) = -t**2 + t + 10. Suppose r - 8 = -0*r - 5*s, 2*r - 8 = -2*s. Let h(i) = -